t is the remainder when 537889 is divided by 1799?
1787
What is the remainder when 84458 is divided by 21107?
30
Calculate the remainder when 171704 is divided by 7463.
55
What is the remainder when 15673698 is divided by 70?
68
What is the remainder when 45540 is divided by 3419?
1093
What is the remainder when 20704 is divided by 20643?
61
What is the remainder when 2383024 is divided by 1173?
661
Calculate the remainder when 530475 is divided by 265234.
7
What is the remainder when 7311576 is divided by 72?
48
Calculate the remainder when 206520 is divided by 1706.
94
Calculate the remainder when 6548637 is divided by 481.
303
What is the remainder when 6076333 is divided by 4579?
0
What is the remainder when 51934439 is divided by 2748?
2735
What is the remainder when 20675 is divided by 2386?
1587
Calculate the remainder when 435467 is divided by 85.
12
Calculate the remainder when 21591096 is divided by 126.
114
Calculate the remainder when 1404828 is divided by 21285.
18
Calculate the remainder when 24859334 is divided by 24859308.
26
What is the remainder when 1256249 is divided by 468?
137
What is the remainder when 8219931 is divided by 1566?
1563
What is the remainder when 4060 is divided by 931?
336
Calculate the remainder when 163702 is divided by 4196.
58
What is the remainder when 1241202105 is divided by 4439?
4437
Calculate the remainder when 163254 is divided by 678.
534
What is the remainder when 2644768 is divided by 79?
6
What is the remainder when 8052206 is divided by 117?
32
Calculate the remainder when 1043506 is divided by 968.
2
What is the remainder when 19298578 is divided by 19298568?
10
Calculate the remainder when 7234066 is divided by 6459.
6445
What is the remainder when 93600 is divided by 2465?
2395
What is the remainder when 3153270 is divided by 226?
118
Calculate the remainder when 771245 is divided by 2019.
2006
Calculate the remainder when 18059740 is divided by 978.
970
What is the remainder when 57271 is divided by 53800?
3471
Calculate the remainder when 20453 is divided by 1120.
293
What is the remainder when 3924967 is divided by 2405?
7
Calculate the remainder when 50401749 is divided by 1735.
1734
Calculate the remainder when 1993285 is divided by 628.
13
Calculate the remainder when 98944 is divided by 5776.
752
Calculate the remainder when 69180 is divided by 68888.
292
Calculate the remainder when 47715221 is divided by 62.
21
Calculate the remainder when 182277 is divided by 1362.
1131
Calculate the remainder when 352119 is divided by 127.
75
What is the remainder when 6993671 is divided by 1064?
1063
Calculate the remainder when 2679849 is divided by 186.
147
Calculate the remainder when 21702832 is divided by 7234226.
154
Calculate the remainder when 45878 is divided by 2243.
1018
Calculate the remainder when 133728 is divided by 422.
376
Calculate the remainder when 1432565 is divided by 38716.
73
Calculate the remainder when 54628472 is divided by 40.
32
Calculate the remainder when 858225 is divided by 1314.
183
What is the remainder when 479749 is divided by 127?
70
What is the remainder when 2547781 is divided by 79616?
69
What is the remainder when 127452861 is divided by 3696?
3693
What is the remainder when 38736 is divided by 2686?
1132
Calculate the remainder when 1132685 is divided by 154.
15
What is the remainder when 7511021 is divided by 1075?
1071
What is the remainder when 613628 is divided by 350?
78
What is the remainder when 748898 is divided by 3103?
1075
What is the remainder when 118261 is divided by 4347?
892
Calculate the remainder when 392142599 is divided by 2876.
2875
What is the remainder when 1596707 is divided by 1168?
51
Calculate the remainder when 26282 is divided by 486.
38
What is the remainder when 13743180 is divided by 292408?
4
What is the remainder when 10688 is divided by 8174?
2514
What is the remainder when 7496 is divided by 287?
34
What is the remainder when 6595710 is divided by 2198516?
162
What is the remainder when 166953 is divided by 78?
33
Calculate the remainder when 64256386 is divided by 46.
44
What is the remainder when 83799 is divided by 1953?
1773
What is the remainder when 4279 is divided by 2097?
85
Calculate the remainder when 196795 is divided by 24596.
27
Calculate the remainder when 184039 is divided by 903.
730
What is the remainder when 16125546 is divided by 421?
404
Calculate the remainder when 1805123 is divided by 34.
29
Calculate the remainder when 2708787 is divided by 2708777.
10
What is the remainder when 81725286 is divided by 1257312?
6
What is the remainder when 174039666 is divided by 471?
456
What is the remainder when 6456006 is divided by 198?
18
Calculate the remainder when 19448 is divided by 17438.
2010
Calculate the remainder when 119025 is divided by 545.
215
Calculate the remainder when 71476 is divided by 4.
0
Calculate the remainder when 21975972 is divided by 1575.
1572
Calculate the remainder when 9509122 is divided by 45.
37
What is the remainder when 6537298 is divided by 44?
42
What is the remainder when 13762465 is divided by 349?
348
What is the remainder when 1395730 is divided by 42?
28
Calculate the remainder when 32132885 is divided by 23.
22
Calculate the remainder when 203730993 is divided by 67910329.
6
Calculate the remainder when 40152393 is divided by 93.
15
What is the remainder when 2554818 is divided by 283867?
15
What is the remainder when 431556 is divided by 6961?
6935
What is the remainder when 197026 is divided by 349?
190
Calculate the remainder when 3834473 is divided by 578.
21
What is the remainder when 199685 is divided by 24887?
589
What is the remainder when 62847304 is divided by 1314?
1312
What is the remainder when 177521 is divided by 201?
38
Calculate the remainder when 58824 is divided by 7200.
1224
What is the remainder when 1882552 is divided by 27?
4
Calculate the remainder when 934236 is divided by 311393.
57
What is the remainder when 55184911 is divided by 92?
91
Calculate the remainder when 27291179 is divided by 38.
35
Calculate the remainder when 38655366 is divided by 16.
6
Calculate the remainder when 191472 is divided by 6149.
853
Calculate the remainder when 1612460231 is divided by 114.
113
Calculate the remainder when 28553018 is divided by 3172556.
14
Calculate the remainder when 111738 is divided by 846.
66
Calculate the remainder when 1293639 is divided by 16.
7
Calculate the remainder when 172610 is divided by 21565.
90
What is the remainder when 13434487 is divided by 14?
3
Calculate the remainder when 560522 is divided by 853.
101
Calculate the remainder when 477394 is divided by 375.
19
What is the remainder when 36915 is divided by 6?
3
What is the remainder when 9583 is divided by 2557?
1912
What is the remainder when 19503691 is divided by 5755?
5751
What is the remainder when 16603 is divided by 1863?
1699
What is the remainder when 1978381 is divided by 98919?
1
What is the remainder when 1078506 is divided by 1355?
1281
What is the remainder when 3081153 is divided by 3183?
9
What is the remainder when 1814251567 is divided by 6071?
6069
What is the remainder when 1237438 is divided by 652?
594
Calculate the remainder when 919047 is divided by 326.
53
What is the remainder when 286579 is divided by 230?
229
What is the remainder when 1837974 is divided by 14?
12
What is the remainder when 392717 is divided by 1279?
64
What is the remainder when 124425 is divided by 352?
169
What is the remainder when 349973 is divided by 2237?
1001
Calculate the remainder when 12388103 is divided by 89.
15
What is the remainder when 43990 is divided by 54?
34
Calculate the remainder when 6815297 is divided by 278.
127
What is the remainder when 54689 is divided by 217?
5
What is the remainder when 28304486 is divided by 285?
281
Calculate the remainder when 406700 is divided by 2333.
758
What is the remainder when 398364 is divided by 39813?
234
What is the remainder when 388676 is divided by 2261?
2045
Calculate the remainder when 1564067 is divided by 31278.
167
What is the remainder when 7143143 is divided by 3571566?
11
Calculate the remainder when 126086410 is divided by 38208.
10
Calculate the remainder when 23246155 is divided by 2740.
2735
W